t the prime factors of 189553084.
2, 7, 1213, 5581
List the prime factors of 24087655.
5, 173, 27847
What are the prime factors of 10724523?
3, 733, 4877
List the prime factors of 121676203.
11, 503, 21991
What are the prime factors of 32732434?
2, 7, 191, 12241
List the prime factors of 190237076.
2, 47559269
List the prime factors of 4022210.
2, 5, 402221
List the prime factors of 62898375.
3, 5, 167729
List the prime factors of 6058923308.
2, 37, 71, 83, 6947
What are the prime factors of 41684053?
409, 101917
List the prime factors of 524021292.
2, 3, 19, 255371
List the prime factors of 493720101.
3, 7, 47, 166741
What are the prime factors of 996234059?
4547, 219097
What are the prime factors of 564785352?
2, 3, 2614747
List the prime factors of 32014183.
19, 23, 73259
What are the prime factors of 1571161108?
2, 11, 35708207
What are the prime factors of 761056083?
3, 97, 871771
What are the prime factors of 77641321?
47, 1651943
What are the prime factors of 3191372355?
3, 5, 212758157
List the prime factors of 6039385718.
2, 29501, 102359
What are the prime factors of 83964474?
2, 3, 11, 41, 10343
What are the prime factors of 99108094?
2, 49554047
What are the prime factors of 1478776705?
5, 7, 17, 2485339
List the prime factors of 11440772.
2, 7, 89, 4591
List the prime factors of 11582704.
2, 7, 19, 5443
What are the prime factors of 7025114711?
97, 72423863
What are the prime factors of 42117202?
2, 101, 208501
What are the prime factors of 371055970?
2, 5, 439, 84523
List the prime factors of 27024433.
29, 931877
List the prime factors of 131276398.
2, 11, 5967109
What are the prime factors of 241971891?
3, 7, 23, 500977
List the prime factors of 75501106.
2, 37750553
What are the prime factors of 354153530?
2, 5, 83, 426691
List the prime factors of 699239588.
2, 174809897
List the prime factors of 445350823.
19, 23439517
List the prime factors of 557158245.
3, 5, 7, 89, 59621
List the prime factors of 963296078.
2, 10313, 46703
List the prime factors of 10222509.
3, 11, 71, 4363
List the prime factors of 3191657369.
3191657369
List the prime factors of 1583728806.
2, 3, 11, 17, 31, 45533
List the prime factors of 473990278.
2, 139, 1705001
What are the prime factors of 3255302605?
5, 651060521
List the prime factors of 2842896807.
3, 23, 13733801
List the prime factors of 501184223.
19, 31, 137, 6211
List the prime factors of 35047268.
2, 17, 515401
What are the prime factors of 17471430?
2, 3, 5, 64709
What are the prime factors of 6860927693?
6860927693
What are the prime factors of 621868836?
2, 3, 71, 157, 4649
List the prime factors of 510000133.
510000133
List the prime factors of 4285417739.
4285417739
List the prime factors of 176923700.
2, 5, 127, 13931
What are the prime factors of 975375899?
975375899
List the prime factors of 39563605.
5, 19, 416459
What are the prime factors of 182487553?
182487553
List the prime factors of 1187727789.
3, 395909263
What are the prime factors of 98790510?
2, 3, 5, 7, 13, 36187
What are the prime factors of 1289758746?
2, 3, 61, 83, 42457
List the prime factors of 30553424.
2, 11, 173599
List the prime factors of 114800231.
7, 13, 61, 20681
List the prime factors of 3219968798.
2, 19, 84736021
List the prime factors of 245540106.
2, 3, 7, 649577
List the prime factors of 1459086949.
23, 3617, 17539
What are the prime factors of 548164507?
11, 17, 172433
List the prime factors of 1668499922.
2, 834249961
What are the prime factors of 1270841066?
2, 11, 151, 382553
What are the prime factors of 1378815450?
2, 3, 5, 9192103
List the prime factors of 442789372.
2, 761, 145463
What are the prime factors of 361049476?
2, 19, 4750651
List the prime factors of 158914352.
2, 53, 67, 2797
What are the prime factors of 2940226781?
23, 43, 53, 56093
What are the prime factors of 173429635?
5, 34685927
What are the prime factors of 1191382939?
1191382939
What are the prime factors of 209144060?
2, 5, 23, 151, 3011
List the prime factors of 23727933.
3, 2636437
What are the prime factors of 4881828?
2, 3, 7, 89, 653
What are the prime factors of 506739132?
2, 3, 241, 19469
List the prime factors of 202669185.
3, 5, 2729, 4951
List the prime factors of 14831586.
2, 3, 7, 11, 29, 41
List the prime factors of 1814002636.
2, 191, 1249, 1901
What are the prime factors of 177263206?
2, 103, 860501
What are the prime factors of 246071005?
5, 17, 59, 139, 353
What are the prime factors of 15821129?
19, 31, 26861
List the prime factors of 572837395.
5, 13, 8812883
List the prime factors of 2206331886.
2, 3, 11, 33429271
List the prime factors of 12014349.
3, 23, 174121
What are the prime factors of 1203594623?
7, 11, 23, 31, 1993
List the prime factors of 215676581.
19, 11351399
What are the prime factors of 82281856?
2, 19, 23, 1471
What are the prime factors of 2431823646?
2, 3, 7, 8271509
List the prime factors of 176117639.
101, 1743739
List the prime factors of 29790361.
29790361
What are the prime factors of 3003436521?
3, 14843, 22483
List the prime factors of 50198588.
2, 11, 211, 5407
What are the prime factors of 404192065?
5, 1013, 79801
What are the prime factors of 2056252662?
2, 3, 773, 49261
List the prime factors of 35869775.
5, 1434791
What are the prime factors of 4102532?
2, 7, 146519
List the prime factors of 198411620.
2, 5, 11, 29, 137, 227
List the prime factors of 224036299.
224036299
What are the prime factors of 343426986?
2, 3, 7, 107, 1213
What are the prime factors of 94340350?
2, 5, 13, 145139
List the prime factors of 377385595.
5, 8623, 8753
List the prime factors of 382970775.
3, 5, 11, 73, 6359
List the prime factors of 16079386.
2, 37, 151, 1439
What are the prime factors of 307494432?
2, 3, 7, 127, 1201
List the prime factors of 849401756.
2, 7, 41, 139, 5323
What are the prime factors of 1140934384?
2, 857, 83207
List the prime factors of 69888690.
2, 3, 5, 258847
List the prime factors of 56599442.
2, 19, 53, 157, 179
What are the prime factors of 57119762?
2, 7, 17, 239999
What are the prime factors of 780677700?
2, 3, 5, 11, 19, 12451
What are the prime factors of 504654619?
7, 72093517
What are the prime factors of 565987778?
2, 7723, 36643
What are the prime factors of 82176643?
82176643
List the prime factors of 3139640728.
2, 7, 401, 139813
List the prime factors of 207130771.
17, 12184163
List the prime factors of 323780057.
13381, 24197
What are the prime factors of 57252217?
11, 5204747
What are the prime factors of 379476118?
2, 7, 43, 593, 1063
List the prime factors of 1838579426.
2, 919289713
List the prime factors of 807180218.
2, 13, 199, 156007
What are the prime factors of 56140589?
181, 310169
What are the prime factors of 104922761?
9467, 11083
List the prime factors of 107565244.
2, 26891311
List the prime factors of 32577058.
2, 19, 43, 19937
List the prime factors of 100709225.
5, 43, 93683
List the prime factors of 380140905.
3, 5, 383, 66169
List the prime factors of 18456806.
2, 41, 47, 4789
List the prime factors of 5253540277.
17, 309031781
What are the prime factors of 40449976?
2, 7, 722321
List the prime factors of 69662795.
5, 43, 457, 709
What are the prime factors of 2287986974?
2, 7, 13, 12571357
What are the prime factors of 88964916?
2, 3, 19, 31, 41, 307
List the prime factors of 387923372.
2, 29, 1607, 2081
List the prime factors of 741042348.
2, 3, 787, 78467
List the prime factors of 356073696.
2, 3, 11, 112397
List the prime factors of 3841302103.
167, 23001809
List the prime factors of 21243463.
19, 31, 36067
List the prime factors of 379483033.
709, 535237
What are the prime factors of 69027658?
2, 7, 4930547
What are the prime factors of 8696903?
8696903
List the prime factors of 202705550.
2, 5, 4054111
What are the prime factors of 35064946?
2, 7, 2504639
List the prime factors of 5242330528.
2, 17, 359, 1579
What are the prime factors of 702016333?
1627, 431479
What are the prime factors of 226003684?
2, 373, 151477
List the prime factors of 73227234.
2, 3, 12204539
What are the prime factors of 11123655?
3, 5, 61, 12157
What are the prime factors of 686714427?
3, 7, 23, 473923
What are the prime factors of 4580202?
2, 3, 11, 29, 2393
What are the prime factors of 530618175?
3, 5, 227, 3463
List the prime factors of 4